factor of 14 and k.
14
Let b = -11 - -13. Let f(y) = -y - 1. Let i be f(b). Let c be ((-51)/1)/(-3) + i. Calculate the highest common divisor of c and 21.
7
Let m = 459 + -417. Calculate the greatest common divisor of 462 and m.
42
Let t(m) = -m. Let p be t(-5). Let j = p - -26. What is the greatest common divisor of 31 and j?
31
Let x be (46 - 2) + (-3 - -1). Calculate the greatest common divisor of 70 and x.
14
Let b be -3 + -1 + (-8112)/(-13). Calculate the highest common divisor of 20 and b.
20
Let r = 55 - 51. Suppose -10*j + 6*j + 153 = 3*s, -48 = -j - r*s. Calculate the highest common factor of 252 and j.
36
Let t(s) = s**2 + 4*s - 6. Let v(a) = 5*a**2 - 2*a - 3. Let f be v(-2). Suppose f = -4*m - 7. Let z be t(m). What is the greatest common factor of z and 6?
3
Let h be (132/55)/(3/10). Suppose h = 8*c - 6*c. Suppose n = -c*n + 225. Calculate the highest common factor of n and 18.
9
Let q(y) = -y**3 + 9*y**2 - 14*y + 16. Let h be q(5). Calculate the highest common factor of 506 and h.
46
Suppose 0 = 26*k - 15714 - 21726. Calculate the greatest common divisor of k and 72.
72
Suppose 5*t = 4*t + 17. Let l(y) = y**3 + 5*y**2 + 2*y - 3. Let o be l(-6). Let g be 30/(-15)*o/2. What is the greatest common divisor of g and t?
17
Let p(t) = -2*t**2 - 29*t + 171. Let b be p(-18). Calculate the greatest common factor of 468 and b.
9
Let w be 30/(-8)*424/(-159). What is the highest common factor of 95 and w?
5
Suppose 3*k + 3*t = 6*k - 3843, -3*t - 5127 = -4*k. Calculate the highest common factor of 12 and k.
12
Let w(b) = b + 4. Let c be w(-4). Suppose -48 = -c*j + 4*j. Let i be 6/2*j/(-9). Calculate the highest common factor of 16 and i.
4
Suppose 0 = 3*a + 47 - 95. Suppose -d + 8 = 4*o, -2*o = 4*d - d - 44. What is the highest common divisor of a and d?
16
Suppose 0 = 2*z + 6 - 24. Suppose -a = 16 - z. Let q = 2 - a. Calculate the highest common divisor of q and 45.
9
Let y = -132 - -162. Let p(m) = -3*m - 6. Let l be p(-4). Calculate the greatest common factor of l and y.
6
Let b(u) = 81*u - 18. Let m be b(1). What is the highest common factor of 105 and m?
21
Let o = -31 + 34. Let x = 8 - o. Suppose 2*n - 7*n = -275. What is the greatest common factor of x and n?
5
Suppose 39*d - 42 = 33*d. Calculate the highest common divisor of d and 259.
7
Let a(d) = -d**3 - 28*d**2 - 50*d + 57. Let f be a(-26). Calculate the highest common factor of 5 and f.
5
Let i(u) = -53*u + 48. Let o be i(-12). Suppose -12*q + 30*q - o = 0. Calculate the greatest common divisor of q and 19.
19
Suppose 93*s = -4*x + 94*s + 5394, 3*x - s - 4045 = 0. Calculate the greatest common factor of x and 19.
19
Let c = -14656 + 14796. Let x(q) = 8*q - 4. Let u be x(3). What is the greatest common divisor of c and u?
20
Let i = 13 - -8. Let x be ((-12)/10)/(4/(-140)). What is the highest common factor of x and i?
21
Let q(b) = 2*b**2 - 60*b + 8. Let f be q(30). Let w = -16 - -32. Calculate the greatest common divisor of w and f.
8
Let f be 25/6 - 2/12. Suppose -f*v - m - 130 = -9*v, 2*v + m = 45. What is the highest common divisor of 35 and v?
5
Suppose 48 = 35*w - 32*w. What is the greatest common factor of 80 and w?
16
Suppose 0 = 5*a - 2*f - 3*f - 20, 2*a - 5*f = 5. Suppose 670 = a*g - 375. What is the greatest common factor of 19 and g?
19
Let d be 8/(-12) + 22/6 - 80. Let h = 172 + d. What is the highest common divisor of 19 and h?
19
Let o be 195 - (31/(-62) + (-22)/(-4)). Calculate the highest common divisor of 38 and o.
38
Let x = 62 + -60. Suppose -11*l + 126 = -x*l. Suppose -5*v = -3*a + 4*a - 109, 2*v - a = 38. What is the greatest common factor of v and l?
7
Suppose -14 - 16 = -3*f. Let q be ((-25)/f)/((-1)/(-14)). Let n = q - -65. Calculate the highest common divisor of 12 and n.
6
Suppose 0 = 39*f - 46*f + 63. What is the highest common factor of f and 75?
3
Let i = -31 - -34. Let y(o) = -16*o + i*o**3 + 17*o**2 + 3 - 4*o**3 + 2. Let v be y(16). Calculate the highest common factor of v and 10.
5
Let l = -1825 - -1849. What is the highest common divisor of 136 and l?
8
Let k(u) = 4*u**3 - 5*u**2 - 13*u + 38. Let f be k(5). What is the greatest common divisor of f and 108?
12
Suppose -338 + 354 = 8*q. Calculate the greatest common factor of 10 and q.
2
Suppose -34 - 11 = -9*p. Suppose 110 = 4*x - 2*x. What is the greatest common divisor of p and x?
5
Suppose -5*z + 0*z = -85. Let p = z - 15. Suppose -45 = -p*j + 3*h, 2*h - h + 78 = 3*j. Calculate the greatest common factor of j and 3.
3
Suppose -4*n = -2*k - 3094, 3*n = -7*k + 4*k + 2325. Calculate the greatest common factor of n and 18.
18
Suppose -47*p = -60*p + 104. What is the greatest common factor of 7 and p?
1
Suppose 99*l = 79*l + 960. Calculate the highest common divisor of 36 and l.
12
Let h(n) = 3*n - 9. Let t be (-1)/(-2) + -5 + 46/4. Let u be h(t). Let g = -3 - -9. What is the greatest common divisor of g and u?
6
Let d be (-148)/(-3) - 2/(-3). Let v be -2 - (-36)/27 - (-32)/3. Calculate the greatest common factor of d and v.
10
Let r(k) = k**3 + 23*k**2 - 3*k - 76. Let d be r(-23). Let a be ((-30)/d)/5*7. Calculate the highest common factor of a and 12.
6
Let z(v) = v**3 - 5*v**2 + 9*v. Let a be z(4). Let s(m) = -m + 88. Let d be s(18). Calculate the highest common factor of a and d.
10
Suppose -5*f = -69 - 11. What is the highest common factor of 128 and f?
16
Let j = -919 + 970. Calculate the highest common divisor of j and 2499.
51
Let w(i) = -2 - 2*i - i + i + i**2. Let c be w(-1). Let d(z) = -z**2 + 4*z + 1. Let k be d(4). Calculate the greatest common factor of c and k.
1
Suppose -103 = 3*q - 415. Suppose 2*y + 300 = 5*y. Suppose -y = -7*j - 9. Calculate the highest common divisor of q and j.
13
Let y(d) be the second derivative of -d**4/12 - d**3 + 5*d**2 - 30*d. Let s be y(-6). Calculate the highest common factor of s and 20.
10
Suppose -4*r + 36*r = -226 + 1378. Let t(k) = 2*k**3 + 2*k**2 - 1. Let o be t(1). What is the greatest common divisor of o and r?
3
Let f be (-1)/((5 + -4)*3/(-15)). Let o(k) = -k**2 + 5*k + 8. Let x be o(f). What is the highest common factor of 8 and x?
8
Let m = -113 - -185. Suppose 127 = 2*k + 5*g, -g - m + 299 = 4*k. What is the greatest common divisor of 14 and k?
14
Suppose -v + 46 = 3*m + 2, 3*v = 5*m + 132. What is the highest common factor of 880 and v?
44
Suppose q - 4*m = 59, -3*m + 6*m - 141 = -4*q. What is the greatest common factor of q and 26?
13
Suppose 55648 = 4*t + 33*t. What is the greatest common divisor of t and 32?
32
Let j(p) = p**3 - 11*p**2 - 14*p + 40. Let r be j(12). What is the greatest common divisor of r and 400?
16
Suppose y - 39 = 5*b + 103, 5*y - 738 = -3*b. What is the greatest common factor of y and 98?
49
Let r be (-338)/(-18) - (-8)/36. Suppose 4*o - 542 = -5*f, -11*o + 12*o - 129 = 2*f. Calculate the greatest common divisor of o and r.
19
Suppose 34*b + 2871 = 45*b. What is the highest common factor of b and 58?
29
Suppose 0 = -4*y - 2*h - 2, -4*y + 3*h = -7*y - 9. Suppose 3*j - 5*x + 4*x - 647 = 0, j + y*x - 218 = 0. What is the highest common factor of 27 and j?
27
Let p be 7 + 41 + 1 + 1. Let h = p - 0. Suppose -24 = -2*s + l, -4*s - 5*l = s - 30. What is the highest common factor of s and h?
10
Let r = -27 + 69. Let w(v) = 2*v**2 - 8*v. Let m be w(4). Let u be (36 - m)/4 + -3. What is the greatest common divisor of u and r?
6
Let q(y) = 7*y + 7 - 20 - 8*y**2 - 4*y + y**3. Let m be q(8). What is the highest common divisor of 99 and m?
11
Suppose c - 10 = 6*c. Let f be ((-5)/(-10))/(c/24). Let u be (-2)/f - 187/(-33). What is the greatest common divisor of u and 42?
6
Suppose 132*r + 2992 = 140*r. Let n be (11/22)/(1/68). Calculate the greatest common factor of n and r.
34
Let m(c) = 4*c**2 - 16*c + 10. Let f be m(8). What is the highest common divisor of 184 and f?
46
Let g be ((-1)/(-3))/(1/15). Let v be (10/4)/(30/60). Calculate the greatest common divisor of v and g.
5
Let o(j) = 0 - 4*j - 2 + 5*j - 1. Let d be o(2). Let l be (d - -2)/((-2)/(-24)). What is the greatest common factor of 3 and l?
3
Let i = 208 - 167. What is the greatest common factor of i and 41?
41
Let m(b) = -9*b - 22. Let k be m(-3). Suppose -354 = -k*u - 4*o, -u + 4*u - 4*o = 206. What is the highest common factor of 28 and u?
14
Let p be 288/(-11) - 6/